3 is divided by 14.
7
What is the remainder when 572777 is divided by 60?
17
Calculate the remainder when 2038800 is divided by 1993.
1954
Calculate the remainder when 45051235 is divided by 6877.
8
Calculate the remainder when 7619 is divided by 2535.
14
Calculate the remainder when 178094 is divided by 1179.
65
Calculate the remainder when 306477 is divided by 61225.
352
Calculate the remainder when 99094 is divided by 2255.
2129
Calculate the remainder when 6820719 is divided by 58798.
151
Calculate the remainder when 1155273 is divided by 5.
3
Calculate the remainder when 1207481 is divided by 1429.
1405
What is the remainder when 2285271 is divided by 53145?
36
Calculate the remainder when 18839 is divided by 219.
5
What is the remainder when 387134 is divided by 1450?
1434
Calculate the remainder when 166603 is divided by 425.
3
Calculate the remainder when 56299305 is divided by 3266.
3263
Calculate the remainder when 21021275 is divided by 959.
954
Calculate the remainder when 12482690 is divided by 1398.
1346
Calculate the remainder when 837685 is divided by 279225.
10
What is the remainder when 39423511 is divided by 215429?
4
Calculate the remainder when 231398 is divided by 89.
87
Calculate the remainder when 344975 is divided by 43101.
167
Calculate the remainder when 10722589 is divided by 15145.
15074
What is the remainder when 842631 is divided by 121?
108
What is the remainder when 364093 is divided by 3753?
52
What is the remainder when 5693874 is divided by 289?
285
Calculate the remainder when 29511442 is divided by 1238.
1236
Calculate the remainder when 697545 is divided by 1318.
323
Calculate the remainder when 5716743 is divided by 541.
537
What is the remainder when 7110347 is divided by 120?
107
Calculate the remainder when 1322976 is divided by 11504.
16
Calculate the remainder when 47887 is divided by 2131.
1005
What is the remainder when 655394 is divided by 810?
104
Calculate the remainder when 8891718 is divided by 8891298.
420
What is the remainder when 11726 is divided by 1469?
1443
What is the remainder when 273568 is divided by 1667?
180
Calculate the remainder when 449747 is divided by 44905.
697
What is the remainder when 7712087 is divided by 2?
1
Calculate the remainder when 347678 is divided by 1849.
66
What is the remainder when 120209 is divided by 29981?
285
Calculate the remainder when 416331 is divided by 1660.
1331
Calculate the remainder when 410840 is divided by 1296.
8
Calculate the remainder when 100255 is divided by 9104.
111
Calculate the remainder when 26089 is divided by 1428.
385
Calculate the remainder when 6848959 is divided by 526842.
13
What is the remainder when 188264 is divided by 62723?
95
Calculate the remainder when 27146 is divided by 27094.
52
What is the remainder when 895343 is divided by 6091?
6057
What is the remainder when 33052540 is divided by 70?
10
Calculate the remainder when 44632081 is divided by 31744.
17
Calculate the remainder when 141284 is divided by 6393.
638
What is the remainder when 1179636 is divided by 40624?
1540
Calculate the remainder when 1680107 is divided by 1269.
1220
What is the remainder when 59978159 is divided by 71?
57
Calculate the remainder when 52300149 is divided by 2450.
2449
What is the remainder when 2580572 is divided by 69745?
7
Calculate the remainder when 5684985 is divided by 43.
41
What is the remainder when 2967463 is divided by 77?
37
Calculate the remainder when 2640977 is divided by 19562.
107
Calculate the remainder when 622469 is divided by 554.
327
What is the remainder when 5531947 is divided by 9174?
25
Calculate the remainder when 4522771 is divided by 3964.
3811
Calculate the remainder when 17819 is divided by 2493.
368
Calculate the remainder when 1160590 is divided by 3017.
2062
What is the remainder when 5498522 is divided by 1831?
29
What is the remainder when 726868 is divided by 116?
12
What is the remainder when 25271541 is divided by 13855?
21
Calculate the remainder when 26911196 is divided by 13455554.
88
What is the remainder when 445586 is divided by 69?
53
What is the remainder when 87320357 is divided by 2326?
2317
Calculate the remainder when 1317624 is divided by 302.
300
What is the remainder when 2364785 is divided by 171?
26
What is the remainder when 119692 is divided by 343?
328
What is the remainder when 4175971 is divided by 19?
18
Calculate the remainder when 6679822 is divided by 94.
88
Calculate the remainder when 143878 is divided by 40.
38
Calculate the remainder when 755849 is divided by 183.
59
What is the remainder when 26806677 is divided by 258?
219
What is the remainder when 10627459 is divided by 4653?
7
What is the remainder when 2765749 is divided by 298?
11
Calculate the remainder when 18227553 is divided by 911377.
13
Calculate the remainder when 123409434 is divided by 4936377.
9
What is the remainder when 188496 is divided by 1278?
630
Calculate the remainder when 3380933 is divided by 2870.
73
What is the remainder when 109809 is divided by 518?
511
What is the remainder when 18608 is divided by 103?
68
Calculate the remainder when 344 is divided by 64.
24
What is the remainder when 78358 is divided by 10759?
3045
What is the remainder when 371401 is divided by 4156?
1517
What is the remainder when 43920822 is divided by 43920818?
4
Calculate the remainder when 95990 is divided by 1312.
214
What is the remainder when 145663 is divided by 3988?
2095
What is the remainder when 207717 is divided by 29656?
125
What is the remainder when 31189267 is divided by 14?
11
What is the remainder when 36410491 is divided by 278?
275
Calculate the remainder when 154064369 is divided by 4035.
4034
Calculate the remainder when 15419289 is divided by 3854820.
9
What is the remainder when 61787635 is divided by 1273?
34
What is the remainder when 11309744 is divided by 18330?
134
What is the remainder when 1857256 is divided by 1848?
16
What is the remainder when 31787232 is divided by 3178722?
12
Calculate the remainder when 1223497 is divided by 29.
16
Calculate the remainder when 11346149 is divided by 16.
5
What is the remainder when 436149 is divided by 48451?
90
Calculate the remainder when 13246849 is divided by 13246835.
14
What is the remainder when 21329335 is divided by 4265863?
20
Calculate the remainder when 157390042 is divided by 3938.
3934
Calculate the remainder when 858015 is divided by 212.
51
Calculate the remainder when 35440215 is divided by 181.
53
Calculate the remainder when 1594660957 is divided by 12235.
12232
What is the remainder when 15393953 is divided by 7696967?
19
Calculate the remainder when 42841 is divided by 14045.
706
Calculate the remainder when 119659871 is divided by 578.
577
Calculate the remainder when 903671 is divided by 95.
31
What is the remainder when 29126 is divided by 9014?
2084
What is the remainder when 287507 is divided by 157?
40
What is the remainder when 229325 is divided by 57304?
109
Calculate the remainder when 43518071 is divided by 1858.
1853
What is the remainder when 368114067 is divided by 523?
517
Calculate the remainder when 8950190 is divided by 23187.
8
What is the remainder when 6463507 is divided by 112?
99
What is the remainder when 852542 is divided by 700?
642
What is the remainder when 224525 is divided by 2268?
2261
Calculate the remainder when 337185613 is divided by 24084686.
9
Calculate the remainder when 25492333 is divided by 1582.
1567
What is the remainder when 175724 is divided by 91?
3
Calculate the remainder when 65577 is divided by 4761.
3684
Calculate the remainder when 155969 is divided by 130.
99
What is the remainder when 8024555 is divided by 250767?
11
Calculate the remainder when 228653 is divided by 3695.
3258
What is the remainder when 603815 is divided by 2396?
23
Calculate the remainder when 193156453 is divided by 982.
981
Calculate the remainder when 23931 is divided by 3874.
687
Calculate the remainder when 1945153 is divided by 486271.
69
What is the remainder when 158334014 is divided by 105?
104
Calculate the remainder when 43616 is divided by 42525.
1091
What is the remainder when 362397 is divided by 346?
135
What is the remainder when 658872 is divided by 59893?
49
Calculate the remain